of t and p?
15
Let j(k) = 6*k - 224. Let f(p) = 5*p - 226. Let x(s) = -5*f(s) + 4*j(s). Let n be x(0). Calculate the highest common divisor of 26 and n.
26
Suppose 404*d = 410*d - 1914. Let k = d - 243. What is the greatest common factor of 12 and k?
4
Let x(s) = 4*s**2 - 190*s + 3373. Let l be x(21). Calculate the highest common factor of l and 155.
31
Suppose 0*v + 5*v = -3*o + 77, v = 3*o - 89. Suppose -2*q = 4*c - 36, 3*c + 5*q = o - 9. Suppose c*z = 8*z + 20. What is the highest common divisor of z and 2?
2
Suppose 5*h = -0*h + 10. Suppose -20 = -4*i + h*b, -b = -i + 3 + 2. Calculate the highest common factor of 85 and i.
5
Let f be (-3)/18 + 77/(-42). Let b(u) = -220*u**3 - 4*u**2 - 2*u. Let c be b(f). Let v be c/20 + 6/10. What is the highest common divisor of v and 8?
8
Let a be 6/(1 + 2) - (-6)/(-3). Let u be (-20)/(-40)*(a + 24). Let x be (2 - 26/4)*-8. What is the greatest common divisor of x and u?
12
Suppose -1302 = -2*w - 3*s, -25*s = -2*w - 27*s + 1300. What is the highest common factor of w and 288?
72
Let y(v) = 51*v + 645. Let b be y(6). Let x = -81 + 282. Suppose -8*r + b = -x. What is the greatest common factor of r and 24?
24
Suppose 4*v - 69 = 3*v + m, -2*v = 2*m - 134. Suppose -o = -2*s + v, -5*s + 7*o = 4*o - 170. What is the greatest common divisor of s and 204?
34
Let t(c) = -c**2 - 5*c + 90. Let d be t(7). Let m be (-8)/12 + 2/d*758. What is the highest common factor of 112 and m?
28
Suppose 0 = -2*g + 2*b - 106, -5*g = 2*b - 0*b + 244. Let p = 1100 - 1102. Let x be (p/(-5)*69)/((-15)/g). What is the highest common factor of 23 and x?
23
Suppose -13 = 4*l - 5, 1356 = 2*r - 3*l. What is the greatest common factor of 513 and r?
27
Let d(s) = -s**3 + 14*s**2 + 2*s + 33. Let m be d(13). Let j = -759 - -1044. Calculate the highest common factor of m and j.
57
Let u be (-2 - -1) + 4/(-12)*-9. Let f(w) = 9*w - 4 + 3*w + 4*w**u - 15*w. Let q be f(-3). What is the greatest common divisor of 451 and q?
41
Let m = 32975 - 14108. Calculate the greatest common factor of m and 57.
57
Let h = -176 + 180. Suppose h*f - 6*i = -4*i + 8, -3*f - 5*i + 32 = 0. Let j be ((-2)/(-1) - -4) + -2. What is the highest common factor of j and f?
4
Let r = -45 + 51. Let p be (-1)/r + (-588)/(-72). Suppose 11*v = p*v + 21. What is the greatest common divisor of v and 49?
7
Suppose 3*y = 4*y - 45. Suppose 4*j = 5 - y. Let g = -9 - j. Calculate the greatest common divisor of g and 1.
1
Let u = -14 + 25. Let l be (-784)/(-28) + 0 + 49. Calculate the highest common factor of l and u.
11
Suppose 269 = 4*p + 3*x - 1253, 3*p - 1140 = -3*x. Let g = 406 - p. What is the greatest common divisor of 52 and g?
4
Suppose 2*s + 266 = 3*g + 901, g - 320 = -s. Calculate the greatest common factor of 11 and s.
11
Let w = -9499 + 14007. Calculate the highest common factor of 196 and w.
196
Let d = 51 + -56. Let k be 4/(d - (-345)/65). Calculate the highest common divisor of k and 1.
1
Suppose -2627 = -23*j - 143. Calculate the greatest common divisor of 1728 and j.
108
Suppose -2941 = 290*o - 181*o - 13296. What is the greatest common factor of 12065 and o?
95
Let r(s) = -420*s - 3756. Let t be r(-9). Calculate the greatest common factor of 1062 and t.
6
Let z(y) = 35*y**2 + y + 14. Let l be z(0). What is the greatest common divisor of l and 2513?
7
Suppose 687*q - 346*q = 345*q - 32. What is the greatest common factor of q and 46?
2
Suppose 0 = 105*k - 2428 - 7967. What is the highest common divisor of k and 2142?
9
Let b(v) = v**3 + 215*v**2 + 3163*v - 255. Let y be b(-16). Suppose 869 = 4*r + 5*x, 3*r - 3*x = 609 + 36. Calculate the greatest common divisor of r and y.
27
Let g(z) = -2*z**2 + 54*z - 92. Let f be g(14). Calculate the greatest common divisor of 34 and f.
34
Let b be (2 - (-2223 + 3)) + (29 - 18). What is the highest common divisor of 4147 and b?
319
Suppose -2*y = -24 + 144. Let s = 24 - y. What is the greatest common divisor of s and 21?
21
Let z(i) = i**3 - i**2 - i - 4. Let y be z(2). Let w be (1*y/(-1))/(2/77). What is the greatest common divisor of 22 and w?
11
Let a = -476 - -872. Let d be 3/(18/16)*363/22. Calculate the highest common divisor of a and d.
44
Let c be (752/141)/(12/225). Calculate the greatest common factor of c and 800.
100
Let l be 2/8*(-13 - -1). Let i be (15 - l)/(18/(-21) + 1). What is the highest common factor of 14 and i?
14
Suppose -2*t = 2*t - 12. Suppose -5*k - t*o = -143, 0 = -k - 3*k - 3*o + 115. Let q = -203 - -315. What is the highest common factor of k and q?
28
Suppose 0 = -4*u + 11*h - 16*h + 120, 3*h = 2*u - 38. What is the highest common divisor of 45 and u?
5
Let g(r) = r**2 + 25*r + 123. Let m be g(-18). Let k be (-236 + 4/(-2))/(3/m). Calculate the highest common divisor of 68 and k.
34
Let k be (451/44 - 8)*1832. What is the highest common factor of k and 54?
18
Let t(w) = -w**3 - 2*w**2 - 3*w + 204. Let r be t(0). Let s be (4*(-1)/(-6))/((-6)/(-216)). What is the highest common factor of s and r?
12
Suppose -3 = 3*t, 3*p - 2*t - 41 = 30. What is the highest common factor of 2714 and p?
23
Suppose 523 = 5*d + 83. Suppose 52*v + 88 = 63*v. Suppose -v*f = 6*f - 112. What is the greatest common factor of d and f?
8
Suppose 4*r - 147 = 57. Suppose -1050 = -20*c + 14*c. Suppose 3*s + 4*b + b - 77 = 0, -b = -5*s + c. Calculate the highest common divisor of r and s.
17
Suppose -82*r + 90*r = 48. Suppose -r*o + 0*o + 72 = 0. Suppose 0 = -2*l - 3*b + 2*b + 49, -4*l + 91 = -5*b. Calculate the highest common divisor of o and l.
12
Suppose -14 = -42*i + 40*i. Suppose -i*r = -3*r - 1856. Calculate the greatest common factor of r and 29.
29
Suppose 3*u + 10*a - 46 = 5*a, -3*a = -u + 20. Let p be (9/(-6) + 1)*-1394. Calculate the greatest common factor of u and p.
17
Let g be (-42 - -21) + 64 + 20. Let f = 54 - 36. What is the highest common factor of f and g?
9
Suppose -22*x - 3*x = -100. Let c(i) = -4*i + 43. Let p be c(x). What is the highest common divisor of p and 27?
27
Suppose -2497*v + 2499*v = 68. Calculate the highest common divisor of 459 and v.
17
Let u be ((-6685)/(-245) - 23)*(-1064)/(-3). What is the highest common factor of 800 and u?
80
Let b(u) = u**3 + u**2 - 3*u + 216. Let i be b(0). Let x = 28 + 17. Let s = -21 + x. What is the highest common divisor of s and i?
24
Let v(l) = 5*l**2 + 27*l - 6. Let k be v(-8). Calculate the highest common factor of 231 and k.
7
Let w = -155 + 157. Suppose 2*b + 6*g - 26 = w*g, -g - 36 = -2*b. What is the highest common factor of b and 340?
17
Let q(t) = 8*t**3 + 41*t**2 + 9*t - 9. Let k be q(-4). What is the greatest common divisor of k and 48?
3
Let l be 30145/25 + (-90)/(-75) + 9. What is the greatest common divisor of l and 48?
16
Let g be (2/24)/(66/3960). Calculate the highest common divisor of g and 9.
1
Let f be (82/(-3))/((-8)/12). Let h = 81 - f. Let w(m) = -2*m + 70. Let d be w(30). Calculate the highest common divisor of d and h.
10
Let n = -25365 - -31101. Calculate the greatest common factor of 216 and n.
24
Let t = 733 - 725. Let l be 1/((-2)/96*-2). Calculate the highest common factor of t and l.
8
Suppose 6*s - 3*s = 7*s. Suppose s = 2*y - 4*c - 32, 6*y - 4*c - 50 = y. Suppose 2*b - b + 3*l + 1 = 0, b = -2*l. What is the highest common divisor of b and y?
2
Let y(l) = 2*l**2 - 218*l - 428. Let f be y(-2). Calculate the greatest common divisor of 796 and f.
4
Let f = -5703 - -5720. What is the highest common divisor of f and 3281?
17
Let l be (52/6)/((-4)/(-6)). Suppose -7*w = 16 - 443. Suppose -2*n + 3*z + w = 0, 2*z - 25 = -3*n + 47. What is the highest common factor of n and l?
13
Let c be ((-3)/(-6))/(14/(-84)) + 276. Calculate the highest common factor of c and 14.
7
Let m = 122 - -70. Let y(i) = -2*i**3 - 103*i**2 + 59*i + 684. Let r be y(-52). Calculate the greatest common factor of m and r.
64
Let f = -339 + 144. Let u = -115 - f. Let q be (-105)/(-2) + u/(-32). Calculate the highest common divisor of 10 and q.
10
Suppose 19*k + 26550 = 181*k + 15*k. Let z = 312 + -212. What is the highest common divisor of z and k?
50
Suppose -2*y + 30 = -50. Let v(k) = -k**3 - 55*k**2 - 208*k - 144. Let q be v(-51). What is the greatest common divisor of y and q?
20
Suppose 37*m + 48 = 40*m - 3*r, -m + 5*r = -28. What is the highest common factor of m an